{"id":56,"date":"2018-03-19T07:35:16","date_gmt":"2018-03-19T07:35:16","guid":{"rendered":"http:\/\/carrubbamaler.ch\/?page_id=56"},"modified":"2018-03-19T09:06:00","modified_gmt":"2018-03-19T09:06:00","slug":"spritzservice","status":"publish","type":"page","link":"https:\/\/carrubbamaler.ch\/?page_id=56","title":{"rendered":"Spritzservice"},"content":{"rendered":"<header>\n<h2>Spritz-Service<\/h2>\n<h3>Von klein bis gross an Ort und Stelle<\/h3>\n<\/header>\n<p>Unser mobiler Spritzservice ist die L\u00f6sung f\u00fcr alles, was an Ort und Stelle gespritzt werden muss. Wir spritzen f\u00fcr Sie Liftsch\u00e4chte, Kellerr\u00e4umlichkeiten, Tiefgaragen, Decken, T\u00fcrzargen, Metallkonstruktionen, Fassaden und weitere Bauteile aller Art.<\/p>\n<p>F\u00fcr alle mobilen Bauteile stehen Ihnen unsere Spritzwerkstatt oder\u00a0das hochmoderne Spritzwerk in unserer Filiale in Wetzikon zur Verf\u00fcgung.<\/p>\n<p>Als zuverl\u00e4ssiger Partner \u00fcbernehmen wir Vorausauftr\u00e4ge, Expresseins\u00e4tze oder Aufgaben, f\u00fcr die spezifische F\u00e4higkeiten f\u00fcr individuellste Kundenw\u00fcnsche gefragt sind \u2013\u00a0<strong>von klein bis gross an Ort und Stelle.<br \/>\n<\/strong><\/p>\n\n  <div class=\"banner has-hover\" id=\"banner-156891676\">\n          <div class=\"banner-inner fill\">\n        <div class=\"banner-bg fill\" >\n            <div class=\"bg fill bg-fill \"><\/div>\n                        <div class=\"overlay\"><\/div>            \n                    <\/div>\n        <div class=\"banner-layers container\">\n            <div class=\"fill banner-link\"><\/div>            \n        <\/div>\n      <\/div>\n\n            \n<style scope=\"scope\">\n\n#banner-156891676 {\n  padding-top: 500px;\n}\n#banner-156891676 .bg.bg-loaded {\n  background-image: url(https:\/\/carrubbamaler.ch\/wp-content\/uploads\/2018\/03\/Fotolia_100761867_S.jpg);\n}\n#banner-156891676 .overlay {\n  background-color: rgba(0, 0, 0, 0.2);\n}\n<\/style>\n  <\/div>\n\n\n","protected":false},"excerpt":{"rendered":"<p>Spritz-Service Von klein bis gross an Ort und Stelle Unser mobiler Spritzservice ist die L\u00f6sung f\u00fcr alles, was an Ort und Stelle gespritzt werden muss. Wir spritzen f\u00fcr Sie Liftsch\u00e4chte, Kellerr\u00e4umlichkeiten, Tiefgaragen, Decken, T\u00fcrzargen, Metallkonstruktionen, Fassaden und weitere Bauteile aller Art. F\u00fcr alle mobilen Bauteile stehen Ihnen unsere Spritzwerkstatt oder\u00a0das hochmoderne Spritzwerk in unserer Filiale [&#8230;]\n","protected":false},"author":1,"featured_media":0,"parent":0,"menu_order":0,"comment_status":"closed","ping_status":"closed","template":"","meta":{"footnotes":""},"class_list":["post-56","page","type-page","status-publish","hentry"],"_links":{"self":[{"href":"https:\/\/carrubbamaler.ch\/index.php?rest_route=\/wp\/v2\/pages\/56","targetHints":{"allow":["GET"]}}],"collection":[{"href":"https:\/\/carrubbamaler.ch\/index.php?rest_route=\/wp\/v2\/pages"}],"about":[{"href":"https:\/\/carrubbamaler.ch\/index.php?rest_route=\/wp\/v2\/types\/page"}],"author":[{"embeddable":true,"href":"https:\/\/carrubbamaler.ch\/index.php?rest_route=\/wp\/v2\/users\/1"}],"replies":[{"embeddable":true,"href":"https:\/\/carrubbamaler.ch\/index.php?rest_route=%2Fwp%2Fv2%2Fcomments&post=56"}],"version-history":[{"count":3,"href":"https:\/\/carrubbamaler.ch\/index.php?rest_route=\/wp\/v2\/pages\/56\/revisions"}],"predecessor-version":[{"id":96,"href":"https:\/\/carrubbamaler.ch\/index.php?rest_route=\/wp\/v2\/pages\/56\/revisions\/96"}],"wp:attachment":[{"href":"https:\/\/carrubbamaler.ch\/index.php?rest_route=%2Fwp%2Fv2%2Fmedia&parent=56"}],"curies":[{"name":"wp","href":"https:\/\/api.w.org\/{rel}","templated":true}]}}